 when 40/(-25)*((-2 - 27) + 4) is divided by 9?
4
Suppose 6*r = r + 220. What is the remainder when 25 is divided by 652/r - 6/(-33)?
10
Let x = 15 + 1. Calculate the remainder when 39 is divided by x.
7
Suppose 3*n - 99 + 0 = 0. Calculate the remainder when 95 is divided by n.
29
Calculate the remainder when 23/(7*7/2891) is divided by 68.
65
Suppose -3*d - 1 + 7 = 0. Let t = 6 - 0. Suppose t*s - 80 = d*s. Calculate the remainder when 76 is divided by s.
16
Let r(m) = 7*m - 18. Calculate the remainder when r(24) is divided by 12.
6
Suppose -3*w + 17 = -2*w. Calculate the remainder when (-7260)/(-148) - (-12)/(-222) is divided by w.
15
Suppose s - 2 = -0. Let k be 1 - ((-15)/(-3) - s). What is the remainder when 65 is divided by (-102)/4*k/3?
14
Let u be (-13)/(-26)*-3*2. Calculate the remainder when u/(3 + 84/(-27)) is divided by 10.
7
Let r = 19 + -14. Suppose -r*c - 12 + 67 = 0. Calculate the remainder when c is divided by 6.
5
Let x(h) = -2*h**2 + 19*h + 5. Calculate the remainder when x(4) is divided by 10.
9
Let x = -49 - -49. Let u = 18 - x. What is the remainder when 159 is divided by u?
15
Let o = -6 - -137. Let d = 38 + -19. Calculate the remainder when o is divided by d.
17
Let v(b) = -b**3 - 6*b - 6*b**2 - 60 + 28 + 17. What is the remainder when 83 is divided by v(-6)?
20
Let k = -27077 + 27096. Calculate the remainder when (-2)/(-7) + (-414)/(-21) is divided by k.
1
Let p(h) = -h**2 - 19*h + 21. What is the remainder when p(-6) is divided by 20?
19
Let j = 4 - 1. Suppose 3641 + 481 = -j*b. What is the remainder when b/(-26) + 8/52 is divided by 14?
11
What is the remainder when 870 is divided by (-1734)/(-18) - ((-32)/12 - -2)?
94
Let u = -505 - -630. What is the remainder when u is divided by 14?
13
Suppose -3*u - b + 52 = 0, 5*u + 3*b = -12 + 96. Let f be (-5 + 3)/(4/22). Let y = f + u. Calculate the remainder when 20 is divided by y.
6
Let x = -1 + 3. Let o(z) be the second derivative of 3*z**5/20 - z**4/6 - z**2 - 135*z. Calculate the remainder when 54 is divided by o(x).
12
Let a(t) = 3*t + 21. Suppose 0*i + 4*i - p = -23, i = 2*p - 4. Calculate the remainder when 12 is divided by a(i).
0
Let f(l) = 10*l + 16. Let d be f(-2). What is the remainder when 13 is divided by (-160)/(-50) - (-1)/(-5)*d?
1
Suppose -11*a + 218 = -112. Calculate the remainder when 599 is divided by a.
29
Let j = 1021 + -591. What is the remainder when j/8 + (-4 - (-34)/8) is divided by 14?
12
Suppose 15 = -d + 4*d. Let x = 23 - 18. Suppose -4*j + x = 3*p, -3*p - 7 = -5*j + 6. What is the remainder when d is divided by j?
1
Suppose 0 = -r - 3*r - 88. Let u = -26 - r. Calculate the remainder when u/(-6) + (-696)/(-9) is divided by 20.
18
Suppose 3*t + 8 = -7. Let d = t + 18. Let q = -14 - -37. Calculate the remainder when q is divided by d.
10
Let x = -753 + 1019. Calculate the remainder when x is divided by 67.
65
Suppose 3*v - 207 = -45. Calculate the remainder when v is divided by 15.
9
Suppose 4*y - 6*y = -4. Suppose 3*u - y*d + 7*d = 301, 0 = -4*u + 2*d + 410. Calculate the remainder when u is divided by 13.
11
Let q = -40 + 209. Suppose 78 = q*s - 168*s. What is the remainder when s is divided by 20?
18
Suppose -4*q + 7*q = 174. Suppose 3*h - 35 = 25. What is the remainder when q is divided by h?
18
Suppose 0 = 5*s - 400 + 105. Let b = s + -25. Calculate the remainder when b is divided by 12.
10
Let u = 0 - -1. Let l(q) = 28*q**3 - q. Let t(n) = -45*n - 2776. Calculate the remainder when l(u) is divided by t(-62).
13
Let h = 16 - 11. Calculate the remainder when (35/10)/(-14*(-8)/192) is divided by h.
1
Suppose 0 = -2*t + 1 + 7. Suppose -28 = -3*b - 5*m + t, -m - 44 = -3*b. Let d = 65 - 39. Calculate the remainder when d is divided by b.
12
Suppose -12 + 108 = 4*m. Let h = m - 11. What is the remainder when 62 is divided by h?
10
Suppose -38 = -4*c + 5*j, 4*j - 17 = -3*c + 2*j. Suppose g = 2*g - c. What is the remainder when 27 is divided by g?
6
Let a = 643 - 585. Calculate the remainder when 223 is divided by a.
49
Let k = -17 - -32. What is the remainder when 34 is divided by k?
4
Let i(j) = -j + 22. Let h be i(20). Suppose 0 = 3*w + h*k - 52, -w - 2*k + 13 = 3*k. What is the remainder when 33 is divided by w?
15
Let k(h) = 5*h**2 - 2*h + 181. What is the remainder when k(0) is divided by 11?
5
Suppose 3*y = 3*q + 198, 0 = -3*q - 5 - 4. Calculate the remainder when y is divided by (2 - 0)/((-4)/(-34)).
12
Suppose 0 = 3*s + 240 - 903. What is the remainder when s is divided by 56?
53
Suppose 0 = 54*b - 49*b - 45. What is the remainder when 18 is divided by b?
0
Calculate the remainder when 66 is divided by ((-25)/2)/(15/(-30)).
16
Let o be -9*(100/12)/(-5). Suppose 2*w + o + 4 = b, 4*w = b - 27. Calculate the remainder when 51 is divided by b.
7
Let k = 73 + -42. Let s = 83 - 121. Calculate the remainder when k is divided by 5/3 - s/6.
7
Suppose -2147 = -39*c + 2806. What is the remainder when c is divided by 15?
7
Suppose -4*x + 1038 = -x. Suppose v + 66 = -r + 2*r, 5*r + 3*v = x. What is the remainder when r is divided by 23?
22
Calculate the remainder when -5 + (-102)/3*-1 is divided by 22.
7
Calculate the remainder when 3/(-2)*(-11)/((-429)/(-1118)) is divided by 18.
7
Let b(m) = m**3 - m**2 - m + 1. Let i be b(1). Suppose 0 = -5*l - 5*g + 20, -2*l + 0*g + 3*g + 3 = i. What is the remainder when 10 is divided by l?
1
Let f = -254 + 326. What is the remainder when f is divided by 25?
22
Let o(s) = -41*s - 3. Let j = -134 - -150. What is the remainder when o(-2) is divided by j?
15
What is the remainder when 259 is divided by -6 - (-246)/42 - 204/(-7)?
27
Let i = 111 - 111. Suppose -3*c - 7 + 22 = 0. Suppose c*z = z - 2*w + 116, -3*z - 2*w + 87 = i. Calculate the remainder when 84 is divided by z.
26
What is the remainder when 181 is divided by (52 - 3) + 2 + -7 + 3?
40
Let v = 311 - 285. What is the remainder when v is divided by 11?
4
Let r(s) = 7*s**2 - 9*s + 16. What is the remainder when r(3) is divided by 20?
12
Let w = -42 + 27. Calculate the remainder when -136*(10/w)/((-8)/(-6)) is divided by 23.
22
Let n(b) = 45*b**2 - 16*b - 17 - 25*b**2 + b**3 - 10*b**2. Suppose -2*o + 2*u + 54 = o, -28 = -2*o + 4*u. What is the remainder when n(-11) is divided by o?
18
Suppose 4*g = 4*o - 300, o + 6*g - g = 45. What is the remainder when 341 is divided by o?
61
What is the remainder when 34 is divided by 4 + 100/(-6)*84/(-56)?
5
Suppose 0 = -2*x + 2, -3*l + x + 10 = -x. Suppose 2*g + 3*q - l = 14, 0 = 3*g + 5*q - 28. What is the remainder when 27 is divided by g?
3
Suppose -3*h - 1 = -4*h. What is the remainder when 2 + 2 + -4 + 1 is divided by h?
0
Let d(o) = -o**2 - 13*o + 180. What is the remainder when 107 is divided by d(-21)?
11
What is the remainder when (14 - 0)/(10/145) is divided by 35 + (1 - (5 - 3))?
33
Let n = -1053 - -1130. What is the remainder when n is divided by 52?
25
Suppose -y = 3, -4*f - y + 169 = -0*f. What is the remainder when f is divided by 25?
18
Calculate the remainder when 73 is divided by ((-4)/5 - -2)*(-15)/(-2).
1
Let c(w) = -3*w + 2. Suppose -96 = -d - 377. Calculate the remainder when d/(-9) - (-8)/(-36) is divided by c(-2).
7
Let z = -97 + 195. Let k(d) = d**2 + 3*d - 3. Let y be k(-5). Suppose 25 = -6*f + y*f. What is the remainder when z is divided by f?
23
Suppose 3*p - 1195 = -2*p. Suppose p = 4*q - 9. Suppose c = 3*z - 107, -4*c = 3*z - q - 20. Calculate the remainder when z is divided by 5.
4
Let r = -92 + 157. Let g = -25 + r. What is the remainder when g is divided by 11?
7
What is the remainder when (0 - (-4)/6)/((-54)/(-16443)) is divided by 21?
14
Let b(q) = 2*q**3 - 3*q**2 + 2*q. Suppose r = -2*d + 5*d + 14, -2*d = -5*r + 44. Calculate the remainder when ((-29)/4)/(r/(-32)) is divided by b(2).
5
Calculate the remainder when -8*(46/(-4) - -3) is divided by 36.
32
Suppose -157*d = -158*d + 755. What is the remainder when d is divided by 108?
107
Let o(d) be the second derivative of d**5/20 + 7*d**4/12 + d**3/3 - 13*d**2/2 + 8*d. What is the remainder when 39/2 - 4/(-8) is divided by o(-6)?
9
Suppose -13*q - 96 = -17*q. What is the remainder when 149 is divided by q?
5
Let x = -8 - -11. Suppose -10 = 5*a + 5*u, 2*a + 10 = -3*u + 2. Calculate the remainder when x is divided by a.
1
Let k(f) = -f**3 